{"id":12595,"date":"2014-10-15T08:50:39","date_gmt":"2014-10-15T11:50:39","guid":{"rendered":"http:\/\/www.paranapanema.sp.gov.br\/portal\/?page_id=12595"},"modified":"2018-07-17T11:28:40","modified_gmt":"2018-07-17T14:28:40","slug":"servico-de-informacao-ao-cidadao","status":"publish","type":"page","link":"http:\/\/www.paranapanema.transparencia.inf.br\/?page_id=12595","title":{"rendered":"Servi\u00e7o de Informa\u00e7\u00e3o ao Cidad\u00e3o"},"content":{"rendered":"<form id=\"searchform\" action=\"http:\/\/www.paranapanema.transparencia.inf.br\" method=\"get\">\n<div>\n<table class=\"alignright\" style=\"height: 43px; width: 325px; border-collapse: collapse;\" border=\"1\">\n<tbody>\n<tr style=\"height: 43px;\">\n<td style=\"width: 425px; height: 43px;\">\n<div style=\"text-align: right;\"><span style=\"color: #008080;\"><strong>Pesquisa Acesso \u00e0 Informa\u00e7\u00e3o<\/strong>:<\/span><\/div>\n<div style=\"text-align: right;\"><input id=\"s\" name=\"s\" type=\"text\" value=\"\" \/><input id=\"searchsubmit\" type=\"submit\" value=\"Buscar\" \/><\/div>\n<div style=\"text-align: left;\"><\/div>\n<\/td>\n<\/tr>\n<\/tbody>\n<\/table>\n<\/div>\n<div style=\"text-align: left;\"><\/div>\n<div><\/div>\n<div><\/div>\n<div style=\"text-align: right;\"><\/div>\n<\/form>\n<table class=\" alignleft\" style=\"border-color: ffffff; background-color: ffffff;\" align=\"right\">\n<tbody>\n<tr>\n<td style=\"text-align: center; background-color: #000000;\"><span style=\"font-size: 10pt; color: #ffffff;\"><strong><a style=\"color: #ffffff;\" href=\"http:\/\/www.paranapanema.transparencia.inf.br\/?page_id=14589\">Aspectos Gerais da Lei de Acesso \u00e0 Informa\u00e7\u00e3o<\/a><\/strong>\u00a0<\/span><\/td>\n<\/tr>\n<\/tbody>\n<\/table>\n<p>&nbsp;<\/p>\n<table style=\"height: 159px;\" width=\"895\">\n<tbody>\n<tr>\n<td style=\"background-color: #ffffff; border-color: #ffffff;\">O Sistema Eletr\u00f4nico do Servi\u00e7o de Informa\u00e7\u00f5es ao Cidad\u00e3o e-SIC permite que qualquer\u00a0pessoa, f\u00edsica ou jur\u00eddica, encaminhe pedidos de acesso \u00e0 informa\u00e7\u00e3o.<\/p>\n<p>Para ter acesso ao servi\u00e7o do e-SIC \u00e9 necess\u00e1rio fazer um cadastro com informa\u00e7\u00f5es que identifiquem o cidad\u00e3o para que a Prefeitura Municipal de Paranapanema, possa responder adequadamente a solicita\u00e7\u00e3o da informa\u00e7\u00e3o.<\/td>\n<td style=\"background-color: #ffffff; border-color: #ffffff;\"><img loading=\"lazy\" class=\"alignnone size-full wp-image-14594\" src=\"http:\/\/www.paranapanema.transparencia.inf.br\/wp-content\/uploads\/2014\/10\/lai.jpg\" alt=\"lai\" width=\"350\" height=\"152\" srcset=\"http:\/\/www.paranapanema.transparencia.inf.br\/wp-content\/uploads\/2014\/10\/lai.jpg 350w, http:\/\/www.paranapanema.transparencia.inf.br\/wp-content\/uploads\/2014\/10\/lai-300x130.jpg 300w\" sizes=\"(max-width: 350px) 100vw, 350px\" \/><\/td>\n<\/tr>\n<\/tbody>\n<\/table>\n<p><span style=\"font-size: 12pt;\"><strong>Como Solicitar Informa\u00e7\u00e3o:<\/strong><\/span><\/p>\n<table style=\"height: 70px;\" width=\"821\" align=\"center\">\n<tbody>\n<tr>\n<td style=\"background-color: #ffffff; border-color: #ffffff;\"><a href=\"http:\/\/187.92.100.222\/OPNET\/\" target=\"_blank\" rel=\"noopener\"><img loading=\"lazy\" class=\"size-full wp-image-14697 aligncenter\" src=\"http:\/\/www.paranapanema.transparencia.inf.br\/wp-content\/uploads\/2014\/10\/bt_internet.jpg\" alt=\"bt_internet\" width=\"180\" height=\"54\" \/><\/a><\/td>\n<td style=\"background-color: #ffffff; border-color: #ffffff;\"><a href=\" http:\/\/www.paranapanema.transparencia.inf.br\/?page_id=14726\"><img loading=\"lazy\" class=\"size-full wp-image-14696 aligncenter\" src=\"http:\/\/www.paranapanema.transparencia.inf.br\/wp-content\/uploads\/2014\/10\/bt_fone.jpg\" alt=\"bt_fone\" width=\"180\" height=\"54\" \/><\/a><\/td>\n<td style=\"background-color: #ffffff; border-color: #ffffff;\"><a href=\"http:\/\/www.paranapanema.transparencia.inf.br\/?page_id=14736\"><img loading=\"lazy\" class=\"size-full wp-image-14699 aligncenter\" src=\"http:\/\/www.paranapanema.transparencia.inf.br\/wp-content\/uploads\/2014\/10\/bt_carta.jpg\" alt=\"bt_carta\" width=\"180\" height=\"54\" \/><\/a><\/td>\n<td style=\"background-color: #ffffff; border-color: #ffffff;\"><a href=\"http:\/\/www.paranapanema.transparencia.inf.br\/?page_id=14752\"><img loading=\"lazy\" class=\"size-full wp-image-14698 aligncenter\" src=\"http:\/\/www.paranapanema.transparencia.inf.br\/wp-content\/uploads\/2014\/10\/bt_pessoal.jpg\" alt=\"bt_pessoal\" width=\"180\" height=\"54\" \/><\/a><\/td>\n<\/tr>\n<\/tbody>\n<\/table>\n<p>&nbsp;<\/p>\n<p style=\"text-align: right;\"><strong><span style=\"font-size: 8pt;\">Atendimento do e-SIC: <\/span><\/strong><span style=\"font-size: 8pt;\">24 horas \u00e0 sua disposi\u00e7\u00e3o para solicitar Acesso \u00e0 Informa\u00e7\u00e3o<\/span><\/p>\n","protected":false},"excerpt":{"rendered":"<p>Pesquisa Acesso \u00e0 Informa\u00e7\u00e3o: Aspectos Gerais da Lei de Acesso \u00e0 Informa\u00e7\u00e3o\u00a0 &nbsp; O Sistema Eletr\u00f4nico do Servi\u00e7o de Informa\u00e7\u00f5es ao Cidad\u00e3o e-SIC permite que qualquer\u00a0pessoa, f\u00edsica ou jur\u00eddica, encaminhe pedidos de acesso \u00e0 informa\u00e7\u00e3o. Para ter acesso ao servi\u00e7o do e-SIC \u00e9 necess\u00e1rio fazer um cadastro com informa\u00e7\u00f5es que identifiquem o cidad\u00e3o para que&hellip;&nbsp;<a href=\"http:\/\/www.paranapanema.transparencia.inf.br\/?page_id=12595\" class=\"\" rel=\"bookmark\">Continue a ler &raquo;<span class=\"screen-reader-text\">Servi\u00e7o de Informa\u00e7\u00e3o ao Cidad\u00e3o<\/span><\/a><\/p>\n","protected":false},"author":1,"featured_media":7610,"parent":0,"menu_order":0,"comment_status":"closed","ping_status":"closed","template":"template-onecolumn.php","meta":{"neve_meta_sidebar":"","neve_meta_container":"","neve_meta_enable_content_width":"","neve_meta_content_width":0,"neve_meta_title_alignment":"","neve_meta_author_avatar":"","neve_post_elements_order":"","neve_meta_disable_header":"","neve_meta_disable_footer":"","neve_meta_disable_title":"","spay_email":""},"yoast_head":"<!-- This site is optimized with the Yoast SEO plugin v17.9 - https:\/\/yoast.com\/wordpress\/plugins\/seo\/ -->\n<title>Servi\u00e7o de Informa\u00e7\u00e3o ao Cidad\u00e3o - Portal da Transpar\u00eancia<\/title>\n<meta name=\"robots\" content=\"index, follow, max-snippet:-1, max-image-preview:large, max-video-preview:-1\" \/>\n<link rel=\"canonical\" href=\"http:\/\/www.paranapanema.transparencia.inf.br\/?page_id=12595\" \/>\n<meta property=\"og:locale\" content=\"pt_BR\" \/>\n<meta property=\"og:type\" content=\"article\" \/>\n<meta property=\"og:title\" content=\"Servi\u00e7o de Informa\u00e7\u00e3o ao Cidad\u00e3o - Portal da Transpar\u00eancia\" \/>\n<meta property=\"og:description\" content=\"Pesquisa Acesso \u00e0 Informa\u00e7\u00e3o: Aspectos Gerais da Lei de Acesso \u00e0 Informa\u00e7\u00e3o\u00a0 &nbsp; O Sistema Eletr\u00f4nico do Servi\u00e7o de Informa\u00e7\u00f5es ao Cidad\u00e3o e-SIC permite que qualquer\u00a0pessoa, f\u00edsica ou jur\u00eddica, encaminhe pedidos de acesso \u00e0 informa\u00e7\u00e3o. Para ter acesso ao servi\u00e7o do e-SIC \u00e9 necess\u00e1rio fazer um cadastro com informa\u00e7\u00f5es que identifiquem o cidad\u00e3o para que&hellip;&nbsp;Continue a ler &raquo;Servi\u00e7o de Informa\u00e7\u00e3o ao Cidad\u00e3o\" \/>\n<meta property=\"og:url\" content=\"http:\/\/www.paranapanema.transparencia.inf.br\/?page_id=12595\" \/>\n<meta property=\"og:site_name\" content=\"Portal da Transpar\u00eancia\" \/>\n<meta property=\"article:modified_time\" content=\"2018-07-17T14:28:40+00:00\" \/>\n<meta name=\"twitter:card\" content=\"summary_large_image\" \/>\n<script type=\"application\/ld+json\" class=\"yoast-schema-graph\">{\"@context\":\"https:\/\/schema.org\",\"@graph\":[{\"@type\":\"WebSite\",\"@id\":\"http:\/\/www.paranapanema.transparencia.inf.br\/#website\",\"url\":\"http:\/\/www.paranapanema.transparencia.inf.br\/\",\"name\":\"Portal da Transpar\\u00eancia\",\"description\":\"Prefeitura Municipal de Paranapanema-SP\",\"potentialAction\":[{\"@type\":\"SearchAction\",\"target\":{\"@type\":\"EntryPoint\",\"urlTemplate\":\"http:\/\/www.paranapanema.transparencia.inf.br\/?s={search_term_string}\"},\"query-input\":\"required name=search_term_string\"}],\"inLanguage\":\"pt-BR\"},{\"@type\":\"ImageObject\",\"@id\":\"http:\/\/www.paranapanema.transparencia.inf.br\/?page_id=12595#primaryimage\",\"inLanguage\":\"pt-BR\",\"url\":\"\",\"contentUrl\":\"\"},{\"@type\":\"WebPage\",\"@id\":\"http:\/\/www.paranapanema.transparencia.inf.br\/?page_id=12595#webpage\",\"url\":\"http:\/\/www.paranapanema.transparencia.inf.br\/?page_id=12595\",\"name\":\"Servi\\u00e7o de Informa\\u00e7\\u00e3o ao Cidad\\u00e3o - Portal da Transpar\\u00eancia\",\"isPartOf\":{\"@id\":\"http:\/\/www.paranapanema.transparencia.inf.br\/#website\"},\"primaryImageOfPage\":{\"@id\":\"http:\/\/www.paranapanema.transparencia.inf.br\/?page_id=12595#primaryimage\"},\"datePublished\":\"2014-10-15T11:50:39+00:00\",\"dateModified\":\"2018-07-17T14:28:40+00:00\",\"breadcrumb\":{\"@id\":\"http:\/\/www.paranapanema.transparencia.inf.br\/?page_id=12595#breadcrumb\"},\"inLanguage\":\"pt-BR\",\"potentialAction\":[{\"@type\":\"ReadAction\",\"target\":[\"http:\/\/www.paranapanema.transparencia.inf.br\/?page_id=12595\"]}]},{\"@type\":\"BreadcrumbList\",\"@id\":\"http:\/\/www.paranapanema.transparencia.inf.br\/?page_id=12595#breadcrumb\",\"itemListElement\":[{\"@type\":\"ListItem\",\"position\":1,\"name\":\"In\\u00edcio\",\"item\":\"http:\/\/www.paranapanema.transparencia.inf.br\/\"},{\"@type\":\"ListItem\",\"position\":2,\"name\":\"Servi\\u00e7o de Informa\\u00e7\\u00e3o ao Cidad\\u00e3o\"}]}]}<\/script>\n<!-- \/ Yoast SEO plugin. -->","yoast_head_json":{"title":"Servi\u00e7o de Informa\u00e7\u00e3o ao Cidad\u00e3o - Portal da Transpar\u00eancia","robots":{"index":"index","follow":"follow","max-snippet":"max-snippet:-1","max-image-preview":"max-image-preview:large","max-video-preview":"max-video-preview:-1"},"canonical":"http:\/\/www.paranapanema.transparencia.inf.br\/?page_id=12595","og_locale":"pt_BR","og_type":"article","og_title":"Servi\u00e7o de Informa\u00e7\u00e3o ao Cidad\u00e3o - Portal da Transpar\u00eancia","og_description":"Pesquisa Acesso \u00e0 Informa\u00e7\u00e3o: Aspectos Gerais da Lei de Acesso \u00e0 Informa\u00e7\u00e3o\u00a0 &nbsp; O Sistema Eletr\u00f4nico do Servi\u00e7o de Informa\u00e7\u00f5es ao Cidad\u00e3o e-SIC permite que qualquer\u00a0pessoa, f\u00edsica ou jur\u00eddica, encaminhe pedidos de acesso \u00e0 informa\u00e7\u00e3o. Para ter acesso ao servi\u00e7o do e-SIC \u00e9 necess\u00e1rio fazer um cadastro com informa\u00e7\u00f5es que identifiquem o cidad\u00e3o para que&hellip;&nbsp;Continue a ler &raquo;Servi\u00e7o de Informa\u00e7\u00e3o ao Cidad\u00e3o","og_url":"http:\/\/www.paranapanema.transparencia.inf.br\/?page_id=12595","og_site_name":"Portal da Transpar\u00eancia","article_modified_time":"2018-07-17T14:28:40+00:00","twitter_card":"summary_large_image","schema":{"@context":"https:\/\/schema.org","@graph":[{"@type":"WebSite","@id":"http:\/\/www.paranapanema.transparencia.inf.br\/#website","url":"http:\/\/www.paranapanema.transparencia.inf.br\/","name":"Portal da Transpar\u00eancia","description":"Prefeitura Municipal de Paranapanema-SP","potentialAction":[{"@type":"SearchAction","target":{"@type":"EntryPoint","urlTemplate":"http:\/\/www.paranapanema.transparencia.inf.br\/?s={search_term_string}"},"query-input":"required name=search_term_string"}],"inLanguage":"pt-BR"},{"@type":"ImageObject","@id":"http:\/\/www.paranapanema.transparencia.inf.br\/?page_id=12595#primaryimage","inLanguage":"pt-BR","url":"","contentUrl":""},{"@type":"WebPage","@id":"http:\/\/www.paranapanema.transparencia.inf.br\/?page_id=12595#webpage","url":"http:\/\/www.paranapanema.transparencia.inf.br\/?page_id=12595","name":"Servi\u00e7o de Informa\u00e7\u00e3o ao Cidad\u00e3o - Portal da Transpar\u00eancia","isPartOf":{"@id":"http:\/\/www.paranapanema.transparencia.inf.br\/#website"},"primaryImageOfPage":{"@id":"http:\/\/www.paranapanema.transparencia.inf.br\/?page_id=12595#primaryimage"},"datePublished":"2014-10-15T11:50:39+00:00","dateModified":"2018-07-17T14:28:40+00:00","breadcrumb":{"@id":"http:\/\/www.paranapanema.transparencia.inf.br\/?page_id=12595#breadcrumb"},"inLanguage":"pt-BR","potentialAction":[{"@type":"ReadAction","target":["http:\/\/www.paranapanema.transparencia.inf.br\/?page_id=12595"]}]},{"@type":"BreadcrumbList","@id":"http:\/\/www.paranapanema.transparencia.inf.br\/?page_id=12595#breadcrumb","itemListElement":[{"@type":"ListItem","position":1,"name":"In\u00edcio","item":"http:\/\/www.paranapanema.transparencia.inf.br\/"},{"@type":"ListItem","position":2,"name":"Servi\u00e7o de Informa\u00e7\u00e3o ao Cidad\u00e3o"}]}]}},"_links":{"self":[{"href":"http:\/\/www.paranapanema.transparencia.inf.br\/index.php?rest_route=\/wp\/v2\/pages\/12595"}],"collection":[{"href":"http:\/\/www.paranapanema.transparencia.inf.br\/index.php?rest_route=\/wp\/v2\/pages"}],"about":[{"href":"http:\/\/www.paranapanema.transparencia.inf.br\/index.php?rest_route=\/wp\/v2\/types\/page"}],"author":[{"embeddable":true,"href":"http:\/\/www.paranapanema.transparencia.inf.br\/index.php?rest_route=\/wp\/v2\/users\/1"}],"replies":[{"embeddable":true,"href":"http:\/\/www.paranapanema.transparencia.inf.br\/index.php?rest_route=%2Fwp%2Fv2%2Fcomments&post=12595"}],"version-history":[{"count":118,"href":"http:\/\/www.paranapanema.transparencia.inf.br\/index.php?rest_route=\/wp\/v2\/pages\/12595\/revisions"}],"predecessor-version":[{"id":20486,"href":"http:\/\/www.paranapanema.transparencia.inf.br\/index.php?rest_route=\/wp\/v2\/pages\/12595\/revisions\/20486"}],"wp:featuredmedia":[{"embeddable":true,"href":"http:\/\/www.paranapanema.transparencia.inf.br\/index.php?rest_route=\/wp\/v2\/media\/7610"}],"wp:attachment":[{"href":"http:\/\/www.paranapanema.transparencia.inf.br\/index.php?rest_route=%2Fwp%2Fv2%2Fmedia&parent=12595"}],"curies":[{"name":"wp","href":"https:\/\/api.w.org\/{rel}","templated":true}]}}