{"id":12778,"date":"2014-10-21T05:29:29","date_gmt":"2014-10-21T08:29:29","guid":{"rendered":"http:\/\/www.paranapanema.sp.gov.br\/portal\/?page_id=12778"},"modified":"2014-10-21T05:29:29","modified_gmt":"2014-10-21T08:29:29","slug":"perguntas-frequentes","status":"publish","type":"page","link":"http:\/\/www.paranapanema.transparencia.inf.br\/?page_id=12778","title":{"rendered":"Perguntas Frequentes"},"content":{"rendered":"<p><strong>O que \u00e9 Portal da Transpar\u00eancia? <\/strong><\/p>\n<p><strong>\u00a0<\/strong>O Portal da Transpar\u00eancia Municipal \u00e9 um aplicativo desenvolvido com o uso da Tecnologia da Informa\u00e7\u00e3o (TI) contemplando diversas informa\u00e7\u00f5es sobre a gest\u00e3o p\u00fablica municipal e tamb\u00e9m aquelas produzidas no \u00e2mbito federal e estadual, com a finalidade de promover a participa\u00e7\u00e3o da sociedade no controle das a\u00e7\u00f5es do Poder P\u00fablico. Por meio do Portal ser\u00e1 poss\u00edvel a sociedade fiscalizar se os recursos est\u00e3o sendo utilizados como deveriam.<\/p>\n<p>O objetivo do portal \u00e9 dar transpar\u00eancia aos recursos p\u00fablicos, permitindo que o cidad\u00e3o acompanhe todas as despesas e receitas que a prefeitura executa para o bem estar da sociedade, contribuindo para diminui\u00e7\u00e3o da dist\u00e2ncia entre a sociedade e o governo.<\/p>\n<hr \/>\n<p><strong>Quais informa\u00e7\u00f5es podemos obter no Portal da Transpar\u00eancia Municipal?<\/strong><\/p>\n<p><strong>\u00a0<\/strong>No Portal da Transpar\u00eancia Municipal \u00e9 poss\u00edvel consultar as seguintes informa\u00e7\u00f5es:<\/p>\n<ul>\n<li>valores das despesas, incluindo os investimentos empenhados, liquidados e pagos at\u00e9 o dia anterior ao da consulta, por fornecedor ou contratado;<\/li>\n<li>valores das receitas arrecadadas identificadas no menor n\u00edvel de detalhamento contabilizadas at\u00e9 a v\u00e9spera do dia da consulta ao Portal;<\/li>\n<li>valores das despesas, incluindo os investimentos empenhados, liquidados e pagos desde 2011, por fornecedor ou contratado;<\/li>\n<li>valores das receitas arrecadadas identificadas no menor n\u00edvel de detalhamento contabilizadas desde 2011;<\/li>\n<li>valores das transfer\u00eancias de receitas estaduais para o munic\u00edpio de acordo com a Constitui\u00e7\u00e3o Federal.<\/li>\n<li>conv\u00eanios que o munic\u00edpio mant\u00e9m com o Estado, com repasse de recursos para o Munic\u00edpio;<\/li>\n<li>repasses de recursos estaduais para as entidades<\/li>\n<\/ul>\n<hr \/>\n<p><strong>Quais investimentos est\u00e3o apresentados no Portal da Transpar\u00eancia Municipal?<\/strong><\/p>\n<p>Todos os investimentos realizados pela Prefeitura Municipal da Est\u00e2ncia Tur\u00edstica de Paranapanema pelas entidades da administra\u00e7\u00e3o indireta, quais sejam, as autarquias, funda\u00e7\u00f5es institu\u00eddas pelo Poder P\u00fablico Municipal e empresas institu\u00eddas pelo munic\u00edpio que recebam subven\u00e7\u00e3o de recursos municipais, referentes a execu\u00e7\u00e3o de obras (ex: constru\u00e7\u00e3o de escolas, unidades de sa\u00fade, obras vi\u00e1rias, pra\u00e7as, pr\u00e9dios p\u00fablicos, etc), aquisi\u00e7\u00e3o de equipamentos, material permanente e instala\u00e7\u00f5es.<\/p>\n<hr \/>\n<p><strong>O que \u00e9 a LC 131?<\/strong><\/p>\n<p>A Lei Complementar 131, de 27 de maio de 2009, alterou a reda\u00e7\u00e3o da Lei de Responsabilidade Fiscal no que se refere \u00e0 transpar\u00eancia da gest\u00e3o fiscal, inovando ao determinar a disponibiliza\u00e7\u00e3o, em tempo real, de informa\u00e7\u00f5es pormenorizadas sobre a execu\u00e7\u00e3o or\u00e7ament\u00e1ria e financeira da Uni\u00e3o, dos Estados, do Distrito Federal e dos Munic\u00edpios.<\/p>\n<hr \/>\n<p><strong>Qual legisla\u00e7\u00e3o regulamenta a Lei Complementar 131?<\/strong><\/p>\n<p>Em conson\u00e2ncia com o disposto pela Lei Complementar 131, foi editado o Decreto n\u00ba 7.185, de 27 de maio de 2010 (<a href=\"http:\/\/www.planalto.gov.br\/ccivil_03\/_Ato2007-2010\/2010\/Decreto\/D7185.htm\" target=\"_blank\">http:\/\/www.planalto.gov.br\/ccivil_03\/_Ato2007-2010\/2010\/Decreto\/D7185.htm<\/a>), que define o padr\u00e3o m\u00ednimo de qualidade do sistema integrado de administra\u00e7\u00e3o financeira e controle, nos termos do inciso III, par\u00e1grafo \u00fanico do art. 48 da Lei de Respeonsabilidade Fiscal &#8211; LRF.<\/p>\n","protected":false},"excerpt":{"rendered":"<p>O que \u00e9 Portal da Transpar\u00eancia? \u00a0O Portal da Transpar\u00eancia Municipal \u00e9 um aplicativo desenvolvido com o uso da Tecnologia da Informa\u00e7\u00e3o (TI) contemplando diversas informa\u00e7\u00f5es sobre a gest\u00e3o p\u00fablica municipal e tamb\u00e9m aquelas produzidas no \u00e2mbito federal e estadual, com a finalidade de promover a participa\u00e7\u00e3o da sociedade no controle das a\u00e7\u00f5es do Poder&hellip;&nbsp;<a href=\"http:\/\/www.paranapanema.transparencia.inf.br\/?page_id=12778\" class=\"\" rel=\"bookmark\">Continue a ler &raquo;<span class=\"screen-reader-text\">Perguntas Frequentes<\/span><\/a><\/p>\n","protected":false},"author":1,"featured_media":7610,"parent":0,"menu_order":0,"comment_status":"closed","ping_status":"closed","template":"template-onecolumn.php","meta":{"neve_meta_sidebar":"","neve_meta_container":"","neve_meta_enable_content_width":"","neve_meta_content_width":0,"neve_meta_title_alignment":"","neve_meta_author_avatar":"","neve_post_elements_order":"","neve_meta_disable_header":"","neve_meta_disable_footer":"","neve_meta_disable_title":"","spay_email":""},"yoast_head":"<!-- This site is optimized with the Yoast SEO plugin v17.9 - https:\/\/yoast.com\/wordpress\/plugins\/seo\/ -->\n<title>Perguntas Frequentes - Portal da Transpar\u00eancia<\/title>\n<meta name=\"robots\" content=\"index, follow, max-snippet:-1, max-image-preview:large, max-video-preview:-1\" \/>\n<link rel=\"canonical\" href=\"http:\/\/www.paranapanema.transparencia.inf.br\/?page_id=12778\" \/>\n<meta property=\"og:locale\" content=\"pt_BR\" \/>\n<meta property=\"og:type\" content=\"article\" \/>\n<meta property=\"og:title\" content=\"Perguntas Frequentes - Portal da Transpar\u00eancia\" \/>\n<meta property=\"og:description\" content=\"O que \u00e9 Portal da Transpar\u00eancia? \u00a0O Portal da Transpar\u00eancia Municipal \u00e9 um aplicativo desenvolvido com o uso da Tecnologia da Informa\u00e7\u00e3o (TI) contemplando diversas informa\u00e7\u00f5es sobre a gest\u00e3o p\u00fablica municipal e tamb\u00e9m aquelas produzidas no \u00e2mbito federal e estadual, com a finalidade de promover a participa\u00e7\u00e3o da sociedade no controle das a\u00e7\u00f5es do Poder&hellip;&nbsp;Continue a ler &raquo;Perguntas Frequentes\" \/>\n<meta property=\"og:url\" content=\"http:\/\/www.paranapanema.transparencia.inf.br\/?page_id=12778\" \/>\n<meta property=\"og:site_name\" content=\"Portal da Transpar\u00eancia\" \/>\n<meta name=\"twitter:card\" content=\"summary_large_image\" \/>\n<meta name=\"twitter:label1\" content=\"Est. tempo de leitura\" \/>\n\t<meta name=\"twitter:data1\" content=\"2 minutos\" \/>\n<script type=\"application\/ld+json\" class=\"yoast-schema-graph\">{\"@context\":\"https:\/\/schema.org\",\"@graph\":[{\"@type\":\"WebSite\",\"@id\":\"https:\/\/www.paranapanema.transparencia.inf.br\/#website\",\"url\":\"https:\/\/www.paranapanema.transparencia.inf.br\/\",\"name\":\"Portal da Transpar\\u00eancia\",\"description\":\"Prefeitura Municipal de Paranapanema-SP\",\"potentialAction\":[{\"@type\":\"SearchAction\",\"target\":{\"@type\":\"EntryPoint\",\"urlTemplate\":\"https:\/\/www.paranapanema.transparencia.inf.br\/?s={search_term_string}\"},\"query-input\":\"required name=search_term_string\"}],\"inLanguage\":\"pt-BR\"},{\"@type\":\"ImageObject\",\"@id\":\"http:\/\/www.paranapanema.transparencia.inf.br\/?page_id=12778#primaryimage\",\"inLanguage\":\"pt-BR\",\"url\":\"\",\"contentUrl\":\"\"},{\"@type\":\"WebPage\",\"@id\":\"http:\/\/www.paranapanema.transparencia.inf.br\/?page_id=12778#webpage\",\"url\":\"http:\/\/www.paranapanema.transparencia.inf.br\/?page_id=12778\",\"name\":\"Perguntas Frequentes - Portal da Transpar\\u00eancia\",\"isPartOf\":{\"@id\":\"https:\/\/www.paranapanema.transparencia.inf.br\/#website\"},\"primaryImageOfPage\":{\"@id\":\"http:\/\/www.paranapanema.transparencia.inf.br\/?page_id=12778#primaryimage\"},\"datePublished\":\"2014-10-21T08:29:29+00:00\",\"dateModified\":\"2014-10-21T08:29:29+00:00\",\"breadcrumb\":{\"@id\":\"http:\/\/www.paranapanema.transparencia.inf.br\/?page_id=12778#breadcrumb\"},\"inLanguage\":\"pt-BR\",\"potentialAction\":[{\"@type\":\"ReadAction\",\"target\":[\"http:\/\/www.paranapanema.transparencia.inf.br\/?page_id=12778\"]}]},{\"@type\":\"BreadcrumbList\",\"@id\":\"http:\/\/www.paranapanema.transparencia.inf.br\/?page_id=12778#breadcrumb\",\"itemListElement\":[{\"@type\":\"ListItem\",\"position\":1,\"name\":\"In\\u00edcio\",\"item\":\"https:\/\/www.paranapanema.transparencia.inf.br\/\"},{\"@type\":\"ListItem\",\"position\":2,\"name\":\"Perguntas Frequentes\"}]}]}<\/script>\n<!-- \/ Yoast SEO plugin. -->","yoast_head_json":{"title":"Perguntas Frequentes - Portal da Transpar\u00eancia","robots":{"index":"index","follow":"follow","max-snippet":"max-snippet:-1","max-image-preview":"max-image-preview:large","max-video-preview":"max-video-preview:-1"},"canonical":"http:\/\/www.paranapanema.transparencia.inf.br\/?page_id=12778","og_locale":"pt_BR","og_type":"article","og_title":"Perguntas Frequentes - Portal da Transpar\u00eancia","og_description":"O que \u00e9 Portal da Transpar\u00eancia? \u00a0O Portal da Transpar\u00eancia Municipal \u00e9 um aplicativo desenvolvido com o uso da Tecnologia da Informa\u00e7\u00e3o (TI) contemplando diversas informa\u00e7\u00f5es sobre a gest\u00e3o p\u00fablica municipal e tamb\u00e9m aquelas produzidas no \u00e2mbito federal e estadual, com a finalidade de promover a participa\u00e7\u00e3o da sociedade no controle das a\u00e7\u00f5es do Poder&hellip;&nbsp;Continue a ler &raquo;Perguntas Frequentes","og_url":"http:\/\/www.paranapanema.transparencia.inf.br\/?page_id=12778","og_site_name":"Portal da Transpar\u00eancia","twitter_card":"summary_large_image","twitter_misc":{"Est. tempo de leitura":"2 minutos"},"schema":{"@context":"https:\/\/schema.org","@graph":[{"@type":"WebSite","@id":"https:\/\/www.paranapanema.transparencia.inf.br\/#website","url":"https:\/\/www.paranapanema.transparencia.inf.br\/","name":"Portal da Transpar\u00eancia","description":"Prefeitura Municipal de Paranapanema-SP","potentialAction":[{"@type":"SearchAction","target":{"@type":"EntryPoint","urlTemplate":"https:\/\/www.paranapanema.transparencia.inf.br\/?s={search_term_string}"},"query-input":"required name=search_term_string"}],"inLanguage":"pt-BR"},{"@type":"ImageObject","@id":"http:\/\/www.paranapanema.transparencia.inf.br\/?page_id=12778#primaryimage","inLanguage":"pt-BR","url":"","contentUrl":""},{"@type":"WebPage","@id":"http:\/\/www.paranapanema.transparencia.inf.br\/?page_id=12778#webpage","url":"http:\/\/www.paranapanema.transparencia.inf.br\/?page_id=12778","name":"Perguntas Frequentes - Portal da Transpar\u00eancia","isPartOf":{"@id":"https:\/\/www.paranapanema.transparencia.inf.br\/#website"},"primaryImageOfPage":{"@id":"http:\/\/www.paranapanema.transparencia.inf.br\/?page_id=12778#primaryimage"},"datePublished":"2014-10-21T08:29:29+00:00","dateModified":"2014-10-21T08:29:29+00:00","breadcrumb":{"@id":"http:\/\/www.paranapanema.transparencia.inf.br\/?page_id=12778#breadcrumb"},"inLanguage":"pt-BR","potentialAction":[{"@type":"ReadAction","target":["http:\/\/www.paranapanema.transparencia.inf.br\/?page_id=12778"]}]},{"@type":"BreadcrumbList","@id":"http:\/\/www.paranapanema.transparencia.inf.br\/?page_id=12778#breadcrumb","itemListElement":[{"@type":"ListItem","position":1,"name":"In\u00edcio","item":"https:\/\/www.paranapanema.transparencia.inf.br\/"},{"@type":"ListItem","position":2,"name":"Perguntas Frequentes"}]}]}},"_links":{"self":[{"href":"http:\/\/www.paranapanema.transparencia.inf.br\/index.php?rest_route=\/wp\/v2\/pages\/12778"}],"collection":[{"href":"http:\/\/www.paranapanema.transparencia.inf.br\/index.php?rest_route=\/wp\/v2\/pages"}],"about":[{"href":"http:\/\/www.paranapanema.transparencia.inf.br\/index.php?rest_route=\/wp\/v2\/types\/page"}],"author":[{"embeddable":true,"href":"http:\/\/www.paranapanema.transparencia.inf.br\/index.php?rest_route=\/wp\/v2\/users\/1"}],"replies":[{"embeddable":true,"href":"http:\/\/www.paranapanema.transparencia.inf.br\/index.php?rest_route=%2Fwp%2Fv2%2Fcomments&post=12778"}],"version-history":[{"count":0,"href":"http:\/\/www.paranapanema.transparencia.inf.br\/index.php?rest_route=\/wp\/v2\/pages\/12778\/revisions"}],"wp:featuredmedia":[{"embeddable":true,"href":"http:\/\/www.paranapanema.transparencia.inf.br\/index.php?rest_route=\/wp\/v2\/media\/7610"}],"wp:attachment":[{"href":"http:\/\/www.paranapanema.transparencia.inf.br\/index.php?rest_route=%2Fwp%2Fv2%2Fmedia&parent=12778"}],"curies":[{"name":"wp","href":"https:\/\/api.w.org\/{rel}","templated":true}]}}